{"id":369,"date":"2025-08-14T02:46:48","date_gmt":"2025-08-14T05:46:48","guid":{"rendered":"https:\/\/mascarante.eba.ufmg.br\/?page_id=369"},"modified":"2025-09-24T15:31:39","modified_gmt":"2025-09-24T18:31:39","slug":"universidades","status":"publish","type":"page","link":"https:\/\/mascarante.eba.ufmg.br\/index.php\/biblioteca\/universidades\/","title":{"rendered":"Universidades"},"content":{"rendered":"\n<div class=\"wp-block-group alignwide has-global-padding is-layout-constrained wp-container-core-group-is-layout-639b5052 wp-block-group-is-layout-constrained\" style=\"padding-top:0;padding-right:0;padding-bottom:0;padding-left:0\">\n<div class=\"wp-block-group alignwide has-white-background-color has-background is-layout-flow wp-block-group-is-layout-flow\" style=\"padding-top:var(--wp--preset--spacing--50);padding-right:var(--wp--preset--spacing--50);padding-bottom:var(--wp--preset--spacing--50);padding-left:var(--wp--preset--spacing--50)\">\n<div class=\"wp-block-columns is-layout-flex wp-container-core-columns-is-layout-28f84493 wp-block-columns-is-layout-flex\">\n<div class=\"wp-block-column is-layout-flow wp-block-column-is-layout-flow\" style=\"flex-basis:35%\">\n<figure class=\"wp-block-image size-full is-resized\"><img loading=\"lazy\" decoding=\"async\" width=\"796\" height=\"236\" src=\"https:\/\/mascarante.eba.ufmg.br\/wp-content\/uploads\/2025\/08\/logo_ufmg_site.png\" alt=\"\" class=\"wp-image-394\" style=\"width:272px;height:auto\" srcset=\"https:\/\/mascarante.eba.ufmg.br\/wp-content\/uploads\/2025\/08\/logo_ufmg_site.png 796w, https:\/\/mascarante.eba.ufmg.br\/wp-content\/uploads\/2025\/08\/logo_ufmg_site-300x89.png 300w, https:\/\/mascarante.eba.ufmg.br\/wp-content\/uploads\/2025\/08\/logo_ufmg_site-768x228.png 768w\" sizes=\"auto, (max-width: 796px) 100vw, 796px\" \/><\/figure>\n<\/div>\n\n\n\n<div class=\"wp-block-column is-layout-flow wp-block-column-is-layout-flow\" style=\"flex-basis:100%\">\n<p><strong>Licenciatura\/Bacharelado<\/strong><\/p>\n\n\n\n<p><strong>Oficina de Improvisa\u00e7\u00e3o I<\/strong><\/p>\n<\/div>\n<\/div>\n\n\n\n<hr class=\"wp-block-separator has-text-color has-cyan-bluish-gray-color has-alpha-channel-opacity has-cyan-bluish-gray-background-color has-background is-style-default\"\/>\n\n\n\n<div class=\"wp-block-columns is-layout-flex wp-container-core-columns-is-layout-28f84493 wp-block-columns-is-layout-flex\">\n<div class=\"wp-block-column is-layout-flow wp-block-column-is-layout-flow\" style=\"flex-basis:35%\">\n<figure class=\"wp-block-image aligncenter size-full is-resized\"><img loading=\"lazy\" decoding=\"async\" width=\"1024\" height=\"1024\" src=\"https:\/\/mascarante.eba.ufmg.br\/wp-content\/uploads\/2025\/08\/Unicamp.png\" alt=\"\" class=\"wp-image-374\" style=\"width:177px;height:auto\" srcset=\"https:\/\/mascarante.eba.ufmg.br\/wp-content\/uploads\/2025\/08\/Unicamp.png 1024w, https:\/\/mascarante.eba.ufmg.br\/wp-content\/uploads\/2025\/08\/Unicamp-300x300.png 300w, https:\/\/mascarante.eba.ufmg.br\/wp-content\/uploads\/2025\/08\/Unicamp-150x150.png 150w, https:\/\/mascarante.eba.ufmg.br\/wp-content\/uploads\/2025\/08\/Unicamp-768x768.png 768w\" sizes=\"auto, (max-width: 1024px) 100vw, 1024px\" \/><\/figure>\n<\/div>\n\n\n\n<div class=\"wp-block-column is-layout-flow wp-block-column-is-layout-flow\" style=\"flex-basis:100%\">\n<p><strong>Bacharelado \u2013 artes c\u00eanicas<\/strong><\/p>\n\n\n\n<p><strong>M\u00e1scara: Elementos T\u00e9cnicos de Artes Visuais I<\/strong><br>Introdu\u00e7\u00e3o aos elementos t\u00e9cnicos das artes visuais, visando a confec\u00e7\u00e3o de adere\u00e7os c\u00eanicos. A m\u00e1scara no teatro e a dial\u00e9tica do ocultar\/revelar. Estudo da m\u00e1scara facial e aprendizado de t\u00e9cnicas de confec\u00e7\u00e3o de m\u00e1scaras.<\/p>\n<\/div>\n<\/div>\n\n\n\n<hr class=\"wp-block-separator has-text-color has-cyan-bluish-gray-color has-alpha-channel-opacity has-cyan-bluish-gray-background-color has-background is-style-default\"\/>\n\n\n\n<div class=\"wp-block-columns is-layout-flex wp-container-core-columns-is-layout-28f84493 wp-block-columns-is-layout-flex\">\n<div class=\"wp-block-column is-layout-flow wp-block-column-is-layout-flow\" style=\"flex-basis:35%\">\n<figure class=\"wp-block-image aligncenter size-full is-resized\"><img loading=\"lazy\" decoding=\"async\" width=\"1608\" height=\"741\" src=\"https:\/\/mascarante.eba.ufmg.br\/wp-content\/uploads\/2025\/08\/sisu-UFOP.jpg\" alt=\"\" class=\"wp-image-376\" style=\"width:230px;height:auto\" srcset=\"https:\/\/mascarante.eba.ufmg.br\/wp-content\/uploads\/2025\/08\/sisu-UFOP.jpg 1608w, https:\/\/mascarante.eba.ufmg.br\/wp-content\/uploads\/2025\/08\/sisu-UFOP-300x138.jpg 300w, https:\/\/mascarante.eba.ufmg.br\/wp-content\/uploads\/2025\/08\/sisu-UFOP-1024x472.jpg 1024w, https:\/\/mascarante.eba.ufmg.br\/wp-content\/uploads\/2025\/08\/sisu-UFOP-768x354.jpg 768w, https:\/\/mascarante.eba.ufmg.br\/wp-content\/uploads\/2025\/08\/sisu-UFOP-1536x708.jpg 1536w\" sizes=\"auto, (max-width: 1608px) 100vw, 1608px\" \/><\/figure>\n<\/div>\n\n\n\n<div class=\"wp-block-column is-layout-flow wp-block-column-is-layout-flow\" style=\"flex-basis:100%\">\n<p><strong>Licenciatura<\/strong><\/p>\n\n\n\n<p><strong>Pedagogia da Utiliza\u00e7\u00e3o das M\u00e1scaras Tetrais<\/strong><br>Processo criativo e improvisa\u00e7\u00e3o atrav\u00e9s da utiliza\u00e7\u00e3o da m\u00e1scara teatral. Utiliza\u00e7\u00e3o das m\u00e1scaras: neutra, larv\u00e1ria e expressivas. Aplica\u00e7\u00e3o do uso no m\u00e9todo pedag\u00f3gico de Jacques Lecoq.<\/p>\n<\/div>\n<\/div>\n\n\n\n<hr class=\"wp-block-separator has-text-color has-cyan-bluish-gray-color has-alpha-channel-opacity has-cyan-bluish-gray-background-color has-background is-style-default\"\/>\n\n\n\n<div class=\"wp-block-columns is-layout-flex wp-container-core-columns-is-layout-28f84493 wp-block-columns-is-layout-flex\">\n<div class=\"wp-block-column is-layout-flow wp-block-column-is-layout-flow\" style=\"flex-basis:35%\">\n<figure class=\"wp-block-image aligncenter size-full\"><img loading=\"lazy\" decoding=\"async\" width=\"945\" height=\"197\" src=\"https:\/\/mascarante.eba.ufmg.br\/wp-content\/uploads\/2025\/08\/logo-ufu.png\" alt=\"\" class=\"wp-image-380\" srcset=\"https:\/\/mascarante.eba.ufmg.br\/wp-content\/uploads\/2025\/08\/logo-ufu.png 945w, https:\/\/mascarante.eba.ufmg.br\/wp-content\/uploads\/2025\/08\/logo-ufu-300x63.png 300w, https:\/\/mascarante.eba.ufmg.br\/wp-content\/uploads\/2025\/08\/logo-ufu-768x160.png 768w\" sizes=\"auto, (max-width: 945px) 100vw, 945px\" \/><\/figure>\n<\/div>\n\n\n\n<div class=\"wp-block-column is-layout-flow wp-block-column-is-layout-flow\" style=\"flex-basis:100%\">\n<p><strong>Bacharelado<\/strong><\/p>\n\n\n\n<p><strong>Atua\u00e7\u00e3o com M\u00e1scaras<\/strong><br>Estudo da m\u00e1scara neutra e meia-m\u00e1scara neutra como instrumento na aprendizagem da linguagem c\u00eanica. As m\u00e1scaras da Commediadell\u2019Arte e outros tipos de m\u00e1scara. A transposi\u00e7\u00e3o para a contemporaneidade.<\/p>\n<\/div>\n<\/div>\n\n\n\n<hr class=\"wp-block-separator has-text-color has-cyan-bluish-gray-color has-alpha-channel-opacity has-cyan-bluish-gray-background-color has-background is-style-default\"\/>\n\n\n\n<div class=\"wp-block-columns is-layout-flex wp-container-core-columns-is-layout-28f84493 wp-block-columns-is-layout-flex\">\n<div class=\"wp-block-column is-layout-flow wp-block-column-is-layout-flow\" style=\"flex-basis:35%\">\n<figure class=\"wp-block-image size-full\"><img loading=\"lazy\" decoding=\"async\" width=\"325\" height=\"155\" src=\"https:\/\/mascarante.eba.ufmg.br\/wp-content\/uploads\/2025\/09\/uem.png\" alt=\"\" class=\"wp-image-556\" srcset=\"https:\/\/mascarante.eba.ufmg.br\/wp-content\/uploads\/2025\/09\/uem.png 325w, https:\/\/mascarante.eba.ufmg.br\/wp-content\/uploads\/2025\/09\/uem-300x143.png 300w\" sizes=\"auto, (max-width: 325px) 100vw, 325px\" \/><\/figure>\n<\/div>\n\n\n\n<div class=\"wp-block-column is-layout-flow wp-block-column-is-layout-flow\" style=\"flex-basis:100%\">\n<p><strong>Licenciatura<\/strong><\/p>\n\n\n\n<p>Teatro de Formas Animadas<\/p>\n\n\n\n<p>O Teatro de Formas Animadas e suas tend\u00eancias. Confec\u00e7\u00e3o e manipula\u00e7\u00e3o de formas e objetos para anima\u00e7\u00e3o.<\/p>\n<\/div>\n<\/div>\n\n\n\n<hr class=\"wp-block-separator has-text-color has-cyan-bluish-gray-color has-alpha-channel-opacity has-cyan-bluish-gray-background-color has-background is-style-default\"\/>\n\n\n\n<div class=\"wp-block-columns is-layout-flex wp-container-core-columns-is-layout-28f84493 wp-block-columns-is-layout-flex\">\n<div class=\"wp-block-column is-layout-flow wp-block-column-is-layout-flow\" style=\"flex-basis:35%\">\n<figure class=\"wp-block-image aligncenter size-full is-resized\"><img loading=\"lazy\" decoding=\"async\" width=\"240\" height=\"358\" src=\"https:\/\/mascarante.eba.ufmg.br\/wp-content\/uploads\/2025\/08\/logo-ufpb.png\" alt=\"\" class=\"wp-image-385\" style=\"width:181px;height:auto\" srcset=\"https:\/\/mascarante.eba.ufmg.br\/wp-content\/uploads\/2025\/08\/logo-ufpb.png 240w, https:\/\/mascarante.eba.ufmg.br\/wp-content\/uploads\/2025\/08\/logo-ufpb-201x300.png 201w\" sizes=\"auto, (max-width: 240px) 100vw, 240px\" \/><\/figure>\n<\/div>\n\n\n\n<div class=\"wp-block-column is-layout-flow wp-block-column-is-layout-flow\" style=\"flex-basis:100%\">\n<p><strong>Bacharelado\/Licenciatura<\/strong><\/p>\n\n\n\n<p><strong>Teatro de Formas Animadas<\/strong><\/p>\n\n\n\n<p>Estudo te\u00f3rico-pr\u00e1tico do Teatro de Anima\u00e7\u00e3o, articulado \u00e0 discuss\u00e3o pedag\u00f3gica para oexerc\u00edcio do Professor de Teatro, com laborat\u00f3rio de anima\u00e7\u00e3o de bonecos e objetos criados. Teatro de objetos, sombras, m\u00e1scaras e outras formas animadas. Teatro de Bonecos: tradi\u00e7\u00e3o e contemporaneidade. T\u00e9cnicas de constru\u00e7\u00e3o e manipula\u00e7\u00e3o.<\/p>\n\n\n\n<p><strong>Teatro de Bonecos I<\/strong><\/p>\n\n\n\n<p>Hist\u00f3ria e evolu\u00e7\u00e3o do boneco no Ocidente e no Oriente; Hist\u00f3ria do teatro de bonecos no Brasil; o bonequeiro popular e sua import\u00e2ncia na cultura brasileira;<\/p>\n\n\n\n<p>tipos diferentes de bonecos (vara, luva, fios, sombras); pesquisa de materiais recicl\u00e1veis e n\u00e3o recicl\u00e1veis; confec\u00e7\u00e3o dos diferentes tipos de bonecos.<\/p>\n\n\n\n<p><strong>Teatro de Bonecos II<\/strong><\/p>\n\n\n\n<p>Hist\u00f3ria e evolu\u00e7\u00e3o do boneco no Ocidente e no Oriente; Hist\u00f3ria do teatro de bonecos no Brasil; estudo dos diferentes espa\u00e7o c\u00eanicos para o teatro de bonecos; estudo da manipula\u00e7\u00e3o nas diferentes t\u00e9cnicas de bonecos; o uso de bonecos na cena: dramaturgia para teatro de bonecos; prepara\u00e7\u00e3o do ator no teatro de bonecos; exerc\u00edcios de produ\u00e7\u00e3o de textos e; montagem de espet\u00e1culo com bonecos.<\/p>\n\n\n\n<p><strong>M\u00e1scaras Expressivas<\/strong><\/p>\n\n\n\n<p>Fun\u00e7\u00e3o simb\u00f3lica da m\u00e1scara em diferentes culturas. Dramaturgia e t\u00e9cnicas de interpreta\u00e7\u00e3o com m\u00e1scaras expressivas. A Meia-m\u00e1scara expressiva. A Commedia dell\u2019 Arte.<\/p>\n\n\n\n<p>Prepara\u00e7\u00e3o vocal e corporal para interpreta\u00e7\u00e3o com m\u00e1scaras. Constru\u00e7\u00e3o de personagens e constru\u00e7\u00e3o de cenas.<\/p>\n\n\n\n<p><strong>Teatro de Anima\u00e7\u00e3o<\/strong><\/p>\n\n\n\n<p>Princ\u00edpios criativos do Teatro de Bonecos, do Teatro de Sombras, do Teatro de Objetos e outras possibilidades de Teatro Anima\u00e7\u00e3o.<\/p>\n\n\n\n<p>As manifesta\u00e7\u00f5es do teatro de bonecos popular brasileiro. As rela\u00e7\u00f5es hist\u00f3ricas entre atores e marionetes. O ator no Teatro de anima\u00e7\u00e3o.<\/p>\n\n\n\n<p><strong>M\u00e1scaras Larv\u00e1rias e Neutras<\/strong><\/p>\n\n\n\n<p>A utiliza\u00e7\u00e3o da m\u00e1scara teatral como recurso de treinamento para o ator; prepara\u00e7\u00e3o corporal para o uso de m\u00e1scaras; exerc\u00edcios com as<\/p>\n\n\n\n<p>M\u00e1scaras Larv\u00e1rias e com as M\u00e1scaras Neutras; o tempo, o espa\u00e7o e a constru\u00e7\u00e3o da a\u00e7\u00e3o.<\/p>\n<\/div>\n<\/div>\n\n\n\n<hr class=\"wp-block-separator has-text-color has-cyan-bluish-gray-color has-alpha-channel-opacity has-cyan-bluish-gray-background-color has-background is-style-default\"\/>\n\n\n\n<div class=\"wp-block-columns is-layout-flex wp-container-core-columns-is-layout-28f84493 wp-block-columns-is-layout-flex\">\n<div class=\"wp-block-column is-layout-flow wp-block-column-is-layout-flow\" style=\"flex-basis:35%\">\n<figure class=\"wp-block-image aligncenter size-full is-resized\"><img loading=\"lazy\" decoding=\"async\" width=\"1793\" height=\"2480\" src=\"https:\/\/mascarante.eba.ufmg.br\/wp-content\/uploads\/2025\/08\/logo-ufal.png\" alt=\"\" class=\"wp-image-387\" style=\"width:208px;height:auto\" srcset=\"https:\/\/mascarante.eba.ufmg.br\/wp-content\/uploads\/2025\/08\/logo-ufal.png 1793w, https:\/\/mascarante.eba.ufmg.br\/wp-content\/uploads\/2025\/08\/logo-ufal-217x300.png 217w, https:\/\/mascarante.eba.ufmg.br\/wp-content\/uploads\/2025\/08\/logo-ufal-740x1024.png 740w, https:\/\/mascarante.eba.ufmg.br\/wp-content\/uploads\/2025\/08\/logo-ufal-768x1062.png 768w, https:\/\/mascarante.eba.ufmg.br\/wp-content\/uploads\/2025\/08\/logo-ufal-1111x1536.png 1111w, https:\/\/mascarante.eba.ufmg.br\/wp-content\/uploads\/2025\/08\/logo-ufal-1481x2048.png 1481w\" sizes=\"auto, (max-width: 1793px) 100vw, 1793px\" \/><\/figure>\n<\/div>\n\n\n\n<div class=\"wp-block-column is-layout-flow wp-block-column-is-layout-flow\" style=\"flex-basis:100%\">\n<p><strong>Licenciatura<\/strong><\/p>\n\n\n\n<p>Pedagogia das M\u00e1scaras C\u00eanicas<\/p>\n\n\n\n<p>Laborat\u00f3rio de Teatro de Anima\u00e7\u00e3o \u2013 LATA<\/p>\n\n\n\n<p>Laborat\u00f3rio de Teatro de Anima\u00e7\u00e3o \u2013 LATA: Teatro de Bonecos<\/p>\n\n\n\n<p>Laborat\u00f3rio de Teatro de Anima\u00e7\u00e3o \u2013 LATA: Teatro de M\u00e1scaras<\/p>\n<\/div>\n<\/div>\n\n\n\n<hr class=\"wp-block-separator has-text-color has-cyan-bluish-gray-color has-alpha-channel-opacity has-cyan-bluish-gray-background-color has-background is-style-default\"\/>\n\n\n\n<div class=\"wp-block-columns is-layout-flex wp-container-core-columns-is-layout-28f84493 wp-block-columns-is-layout-flex\">\n<div class=\"wp-block-column is-layout-flow wp-block-column-is-layout-flow\" style=\"flex-basis:35%\">\n<figure class=\"wp-block-image aligncenter size-full is-resized\"><img loading=\"lazy\" decoding=\"async\" width=\"1250\" height=\"430\" src=\"https:\/\/mascarante.eba.ufmg.br\/wp-content\/uploads\/2025\/08\/3602a501f4ebfd2552706fa867b8966c.jpg\" alt=\"\" class=\"wp-image-389\" style=\"width:221px;height:auto\" srcset=\"https:\/\/mascarante.eba.ufmg.br\/wp-content\/uploads\/2025\/08\/3602a501f4ebfd2552706fa867b8966c.jpg 1250w, https:\/\/mascarante.eba.ufmg.br\/wp-content\/uploads\/2025\/08\/3602a501f4ebfd2552706fa867b8966c-300x103.jpg 300w, https:\/\/mascarante.eba.ufmg.br\/wp-content\/uploads\/2025\/08\/3602a501f4ebfd2552706fa867b8966c-1024x352.jpg 1024w, https:\/\/mascarante.eba.ufmg.br\/wp-content\/uploads\/2025\/08\/3602a501f4ebfd2552706fa867b8966c-768x264.jpg 768w\" sizes=\"auto, (max-width: 1250px) 100vw, 1250px\" \/><\/figure>\n<\/div>\n\n\n\n<div class=\"wp-block-column is-layout-flow wp-block-column-is-layout-flow\" style=\"flex-basis:100%\">\n<p><strong>Licenciatura<\/strong><\/p>\n\n\n\n<p><strong>A M\u00e1scara como Pedagogia do Corpo<\/strong><\/p>\n<\/div>\n<\/div>\n\n\n\n<hr class=\"wp-block-separator has-text-color has-cyan-bluish-gray-color has-alpha-channel-opacity has-cyan-bluish-gray-background-color has-background is-style-default\"\/>\n\n\n\n<div class=\"wp-block-columns is-layout-flex wp-container-core-columns-is-layout-28f84493 wp-block-columns-is-layout-flex\">\n<div class=\"wp-block-column is-layout-flow wp-block-column-is-layout-flow\" style=\"flex-basis:35%\">\n<figure class=\"wp-block-image aligncenter size-full is-resized\"><img loading=\"lazy\" decoding=\"async\" width=\"1080\" height=\"1080\" src=\"https:\/\/mascarante.eba.ufmg.br\/wp-content\/uploads\/2025\/08\/png-logo-ufma-colorido.png\" alt=\"\" class=\"wp-image-391\" style=\"width:195px;height:auto\" srcset=\"https:\/\/mascarante.eba.ufmg.br\/wp-content\/uploads\/2025\/08\/png-logo-ufma-colorido.png 1080w, https:\/\/mascarante.eba.ufmg.br\/wp-content\/uploads\/2025\/08\/png-logo-ufma-colorido-300x300.png 300w, https:\/\/mascarante.eba.ufmg.br\/wp-content\/uploads\/2025\/08\/png-logo-ufma-colorido-1024x1024.png 1024w, https:\/\/mascarante.eba.ufmg.br\/wp-content\/uploads\/2025\/08\/png-logo-ufma-colorido-150x150.png 150w, https:\/\/mascarante.eba.ufmg.br\/wp-content\/uploads\/2025\/08\/png-logo-ufma-colorido-768x768.png 768w\" sizes=\"auto, (max-width: 1080px) 100vw, 1080px\" \/><\/figure>\n<\/div>\n\n\n\n<div class=\"wp-block-column is-layout-flow wp-block-column-is-layout-flow\" style=\"flex-basis:100%\">\n<p><strong>Licenciatura<\/strong><\/p>\n\n\n\n<p><strong>Teatro de M\u00e1scaras<\/strong><\/p>\n\n\n\n<p>M\u00e1scaras: t\u00f3picos hist\u00f3ricos, estudos te\u00f3ricos e oficinas de confec\u00e7\u00e3o com t\u00e9cnicas diferenciadas e exerc\u00edcios pr\u00e1ticos de anima\u00e7\u00e3o.<\/p>\n\n\n\n<p><strong>Teatro de Formas Animadas<\/strong><\/p>\n\n\n\n<p>Estudo te\u00f3rico-pr\u00e1tico do Teatro de Formas Animadas. Hist\u00f3ria do Teatro de Bonecos; estudo e confec\u00e7\u00e3o do boneco popular brasileiro.<\/p>\n\n\n\n<p>Estudo das t\u00e9cnicas e linguagem do teatro de Anima\u00e7\u00e3o. Estudo de t\u00f3picos te\u00f3ricos e pr\u00e1ticos de anima\u00e7\u00e3o de objetos.<\/p>\n\n\n\n<p>Refer\u00eancias hist\u00f3ricas do Teatro de Sombras. Oficinas de elabora\u00e7\u00e3o e anima\u00e7\u00e3o de sombras humanas, de objetos e de figuras.<\/p>\n<\/div>\n<\/div>\n\n\n\n<hr class=\"wp-block-separator has-text-color has-cyan-bluish-gray-color has-alpha-channel-opacity has-cyan-bluish-gray-background-color has-background is-style-default\"\/>\n\n\n\n<div class=\"wp-block-columns is-layout-flex wp-container-core-columns-is-layout-28f84493 wp-block-columns-is-layout-flex\">\n<div class=\"wp-block-column is-layout-flow wp-block-column-is-layout-flow\" style=\"flex-basis:35%\">\n<figure class=\"wp-block-image aligncenter size-full is-resized\"><img loading=\"lazy\" decoding=\"async\" width=\"1024\" height=\"327\" src=\"https:\/\/mascarante.eba.ufmg.br\/wp-content\/uploads\/2025\/08\/novo-logo-unirio-horizontal-1024x327-1.png\" alt=\"\" class=\"wp-image-370\" style=\"width:195px;height:auto\" srcset=\"https:\/\/mascarante.eba.ufmg.br\/wp-content\/uploads\/2025\/08\/novo-logo-unirio-horizontal-1024x327-1.png 1024w, https:\/\/mascarante.eba.ufmg.br\/wp-content\/uploads\/2025\/08\/novo-logo-unirio-horizontal-1024x327-1-300x96.png 300w, https:\/\/mascarante.eba.ufmg.br\/wp-content\/uploads\/2025\/08\/novo-logo-unirio-horizontal-1024x327-1-768x245.png 768w\" sizes=\"auto, (max-width: 1024px) 100vw, 1024px\" \/><\/figure>\n<\/div>\n\n\n\n<div class=\"wp-block-column is-layout-flow wp-block-column-is-layout-flow\" style=\"flex-basis:100%\">\n<p><strong>Bacharelado<\/strong><\/p>\n\n\n\n<p><strong>Atua\u00e7\u00e3o c\u00eanica V<\/strong><br>Exerc\u00edcio de cria\u00e7\u00e3o de personagem utilizando t\u00e9cnicas e exerc\u00edcios espec\u00edficos de composi\u00e7\u00e3o que visem um tratamento c\u00eanico n\u00e3o realista.<\/p>\n\n\n\n<p><strong>Teatro de formas animadas<\/strong><br>An\u00e1lise e estudos pr\u00e1ticos sobre a potencialidade do Teatro de Formas Animadas como express\u00e3o art\u00edstica e as possibilidades pedag\u00f3gicas deste g\u00eanero teatral.<\/p>\n\n\n\n<p><strong>Jogo cenico do palha\u00e7o I<\/strong><br>Exerc\u00edcio do jogo c\u00eanico do palha\u00e7o, explorando os mecanismos de comicidade na cria\u00e7\u00e3o da a\u00e7\u00e3o e a constru\u00e7\u00e3o da figura c\u00f4mica.<\/p>\n\n\n\n<p><strong>Jogo c\u00eanico do palha\u00e7o II<\/strong><br>Exerc\u00edcio do jogo c\u00eanico do palha\u00e7o, explorando a forma\u00e7\u00e3o em dupla e o exerc\u00edcio de habilidades espec\u00edficas individuais.<\/p>\n\n\n\n<p><strong>Cria\u00e7\u00e3o em palha\u00e7o<\/strong><br>Exerc\u00edcio do jogo c\u00eanico do palha\u00e7o direcionado para a cria\u00e7\u00e3o de um n\u00famero solo ou em dupla.<\/p>\n\n\n\n<p><strong>Palha\u00e7o de Hospital<\/strong><br>Exerc\u00edcio do jogo c\u00eanico do palha\u00e7o direcionado para a atua\u00e7\u00e3o em hospitais.<\/p>\n<\/div>\n<\/div>\n<\/div>\n\n\n\n<div class=\"wp-block-group alignfull is-vertical is-content-justification-center is-layout-flex wp-container-core-group-is-layout-ce155fab wp-block-group-is-layout-flex\">\n<figure class=\"wp-block-image aligncenter size-full is-resized\"><img loading=\"lazy\" decoding=\"async\" width=\"1890\" height=\"1417\" src=\"https:\/\/mascarante.eba.ufmg.br\/wp-content\/uploads\/2025\/08\/folia-de-reis-sem-fundo-pequeno.webp\" alt=\"\" class=\"wp-image-296\" style=\"width:1011px;height:auto\" srcset=\"https:\/\/mascarante.eba.ufmg.br\/wp-content\/uploads\/2025\/08\/folia-de-reis-sem-fundo-pequeno.webp 1890w, https:\/\/mascarante.eba.ufmg.br\/wp-content\/uploads\/2025\/08\/folia-de-reis-sem-fundo-pequeno-300x225.webp 300w, https:\/\/mascarante.eba.ufmg.br\/wp-content\/uploads\/2025\/08\/folia-de-reis-sem-fundo-pequeno-1024x768.webp 1024w, https:\/\/mascarante.eba.ufmg.br\/wp-content\/uploads\/2025\/08\/folia-de-reis-sem-fundo-pequeno-768x576.webp 768w, https:\/\/mascarante.eba.ufmg.br\/wp-content\/uploads\/2025\/08\/folia-de-reis-sem-fundo-pequeno-1536x1152.webp 1536w\" sizes=\"auto, (max-width: 1890px) 100vw, 1890px\" \/><\/figure>\n<\/div>\n<\/div>\n","protected":false},"excerpt":{"rendered":"<p>Licenciatura\/Bacharelado Oficina de Improvisa\u00e7\u00e3o I Bacharelado \u2013 artes c\u00eanicas M\u00e1scara: Elementos T\u00e9cnicos de Artes Visuais IIntrodu\u00e7\u00e3o aos elementos t\u00e9cnicos das artes visuais, visando a confec\u00e7\u00e3o de adere\u00e7os c\u00eanicos. A m\u00e1scara no teatro e a dial\u00e9tica do ocultar\/revelar. Estudo da m\u00e1scara facial e aprendizado de t\u00e9cnicas de confec\u00e7\u00e3o de m\u00e1scaras. Licenciatura Pedagogia da Utiliza\u00e7\u00e3o das M\u00e1scaras [&hellip;]<\/p>\n","protected":false},"author":1,"featured_media":0,"parent":12,"menu_order":0,"comment_status":"closed","ping_status":"closed","template":"","meta":{"mascarante_color":"#04bd7a","mascarante_title_color":"","footnotes":""},"class_list":["post-369","page","type-page","status-publish","hentry"],"_links":{"self":[{"href":"https:\/\/mascarante.eba.ufmg.br\/index.php\/wp-json\/wp\/v2\/pages\/369","targetHints":{"allow":["GET"]}}],"collection":[{"href":"https:\/\/mascarante.eba.ufmg.br\/index.php\/wp-json\/wp\/v2\/pages"}],"about":[{"href":"https:\/\/mascarante.eba.ufmg.br\/index.php\/wp-json\/wp\/v2\/types\/page"}],"author":[{"embeddable":true,"href":"https:\/\/mascarante.eba.ufmg.br\/index.php\/wp-json\/wp\/v2\/users\/1"}],"replies":[{"embeddable":true,"href":"https:\/\/mascarante.eba.ufmg.br\/index.php\/wp-json\/wp\/v2\/comments?post=369"}],"version-history":[{"count":18,"href":"https:\/\/mascarante.eba.ufmg.br\/index.php\/wp-json\/wp\/v2\/pages\/369\/revisions"}],"predecessor-version":[{"id":557,"href":"https:\/\/mascarante.eba.ufmg.br\/index.php\/wp-json\/wp\/v2\/pages\/369\/revisions\/557"}],"up":[{"embeddable":true,"href":"https:\/\/mascarante.eba.ufmg.br\/index.php\/wp-json\/wp\/v2\/pages\/12"}],"wp:attachment":[{"href":"https:\/\/mascarante.eba.ufmg.br\/index.php\/wp-json\/wp\/v2\/media?parent=369"}],"curies":[{"name":"wp","href":"https:\/\/api.w.org\/{rel}","templated":true}]}}